 by 759?
25
What is the remainder when 868 is divided by 210?
28
Calculate the remainder when 170 is divided by 87.
83
Calculate the remainder when 151 is divided by 109.
42
Calculate the remainder when 96 is divided by 34.
28
What is the remainder when 179 is divided by 56?
11
What is the remainder when 1268 is divided by 44?
36
What is the remainder when 576 is divided by 34?
32
Calculate the remainder when 338 is divided by 3.
2
Calculate the remainder when 764 is divided by 34.
16
What is the remainder when 5960 is divided by 22?
20
What is the remainder when 4745 is divided by 1575?
20
What is the remainder when 615 is divided by 69?
63
What is the remainder when 75 is divided by 27?
21
Calculate the remainder when 733 is divided by 49.
47
What is the remainder when 335 is divided by 114?
107
Calculate the remainder when 552 is divided by 15.
12
Calculate the remainder when 674 is divided by 22.
14
Calculate the remainder when 132 is divided by 49.
34
Calculate the remainder when 703 is divided by 101.
97
What is the remainder when 369 is divided by 345?
24
Calculate the remainder when 257 is divided by 43.
42
What is the remainder when 13489 is divided by 9?
7
Calculate the remainder when 62277 is divided by 18.
15
Calculate the remainder when 371 is divided by 190.
181
Calculate the remainder when 47 is divided by 36.
11
What is the remainder when 354 is divided by 55?
24
What is the remainder when 167 is divided by 14?
13
Calculate the remainder when 54 is divided by 19.
16
What is the remainder when 19709 is divided by 28?
25
What is the remainder when 522 is divided by 15?
12
Calculate the remainder when 909 is divided by 38.
35
What is the remainder when 164 is divided by 28?
24
Calculate the remainder when 9 is divided by 5.
4
What is the remainder when 212 is divided by 11?
3
Calculate the remainder when 1086 is divided by 68.
66
Calculate the remainder when 107 is divided by 27.
26
What is the remainder when 225 is divided by 124?
101
Calculate the remainder when 550 is divided by 12.
10
Calculate the remainder when 12 is divided by 9.
3
Calculate the remainder when 2246 is divided by 9.
5
What is the remainder when 220 is divided by 74?
72
Calculate the remainder when 124 is divided by 6.
4
What is the remainder when 157 is divided by 49?
10
What is the remainder when 188 is divided by 180?
8
Calculate the remainder when 88 is divided by 33.
22
Calculate the remainder when 6458 is divided by 170.
168
What is the remainder when 8524 is divided by 25?
24
What is the remainder when 1155 is divided by 129?
123
Calculate the remainder when 129 is divided by 44.
41
Calculate the remainder when 343 is divided by 112.
7
Calculate the remainder when 2515 is divided by 34.
33
Calculate the remainder when 872 is divided by 14.
4
What is the remainder when 24 is divided by 5?
4
What is the remainder when 544 is divided by 19?
12
Calculate the remainder when 1204 is divided by 200.
4
Calculate the remainder when 147 is divided by 57.
33
What is the remainder when 806 is divided by 381?
44
Calculate the remainder when 8311 is divided by 18.
13
What is the remainder when 8952 is divided by 45?
42
Calculate the remainder when 1151 is divided by 128.
127
What is the remainder when 42 is divided by 9?
6
What is the remainder when 730 is divided by 25?
5
What is the remainder when 959 is divided by 139?
125
Calculate the remainder when 1038 is divided by 303.
129
What is the remainder when 977 is divided by 12?
5
Calculate the remainder when 807 is divided by 117.
105
Calculate the remainder when 5913 is divided by 116.
113
Calculate the remainder when 6365 is divided by 7.
2
What is the remainder when 202 is divided by 76?
50
What is the remainder when 345 is divided by 172?
1
Calculate the remainder when 164 is divided by 102.
62
Calculate the remainder when 175 is divided by 91.
84
What is the remainder when 7591 is divided by 52?
51
What is the remainder when 130 is divided by 75?
55
Calculate the remainder when 291 is divided by 152.
139
Calculate the remainder when 788 is divided by 134.
118
What is the remainder when 344 is divided by 209?
135
Calculate the remainder when 111 is divided by 109.
2
Calculate the remainder when 1388 is divided by 54.
38
What is the remainder when 14775 is divided by 18?
15
What is the remainder when 25 is divided by 10?
5
What is the remainder when 36 is divided by 34?
2
Calculate the remainder when 169 is divided by 86.
83
What is the remainder when 343 is divided by 8?
7
What is the remainder when 1132 is divided by 88?
76
What is the remainder when 3122 is divided by 11?
9
Calculate the remainder when 1537 is divided by 9.
7
What is the remainder when 28 is divided by 10?
8
Calculate the remainder when 206 is divided by 21.
17
What is the remainder when 147 is divided by 38?
33
Calculate the remainder when 914 is divided by 189.
158
What is the remainder when 285 is divided by 96?
93
Calculate the remainder when 42 is divided by 39.
3
What is the remainder when 1143 is divided by 1132?
11
Calculate the remainder when 239 is divided by 229.
10
What is the remainder when 390 is divided by 28?
26
What is the remainder when 372 is divided by 34?
32
Calculate the remainder when 185 is divided by 69.
47
What is the remainder when 1404 is divided by 130?
104
What is the remainder when 437 is divided by 40?
37
Calculate the remainder when 82 is divided by 16.
2
What is the remainder when 262 is divided by 2?
0
Calculate the remainder when 22435 is divided by 142.
141
What is the remainder when 2345 is divided by 69?
68
Calculate the remainder when 579 is divided by 125.
79
What is the remainder when 226 is divided by 58?
52
Calculate the remainder when 642 is divided by 205.
27
Calculate the remainder when 3339 is divided by 13.
11
What is the remainder when 291 is divided by 25?
16
What is the remainder when 1136 is divided by 214?
66
Calculate the remainder when 3574 is divided by 24.
22
Calculate the remainder when 7078 is divided by 30.
28
What is the remainder when 360 is divided by 91?
87
What is the remainder when 912 is divided by 40?
32
Calculate the remainder when 337 is divided by 34.
31
Calculate the remainder when 77 is divided by 26.
25
Calculate the remainder when 308 is divided by 43.
7
Calculate the remainder when 27327 is divided by 112.
111
What is the remainder when 28 is divided by 12?
4
What is the remainder when 1222 is divided by 58?
4
Calculate the remainder when 1377 is divided by 14.
5
Calculate the remainder when 40 is divided by 11.
7
Calculate the remainder when 615 is divided by 14.
13
Calculate the remainder when 103 is divided by 13.
12
What is the remainder when 620 is divided by 306?
8
Calculate the remainder when 136 is divided by 38.
22
What is the remainder when 337 is divided by 36?
13
What is the remainder when 305 is divided by 22?
19
Calculate the remainder when 1149 is divided by 96.
93
What is the remainder when 630 is divided by 29?
21
What is the remainder when 313 is divided by 21?
19
Calculate the remainder when 39 is divided by 16.
7
Calculate the remainder when 229 is divided by 106.
17
What is the remainder when 2323 is divided by 15?
13
What is the remainder when 6317 is divided by 79?
76
What is the remainder when 1057 is divided by 28?
21
What is the remainder when 751 is divided by 26?
23
Calculate the remainder when 320 is divided by 316.
4
What is the remainder when 913 is divided by 15?
13
What is the remainder when 161 is divided by 33?
29
Calculate the remainder when 2463 is divided by 14.
13
What is the remainder when 23970 is divided by 22?
12
Calculate the remainder when 4634 is divided by 80.
74
Calculate the remainder when 229 is divided by 79.
71
Calculate the remainder when 101 is divided by 25.
1
What is the remainder when 1147 is divided by 46?
43
What is the remainder when 20818 is divided by 19?
13
What is the remainder when 115 is divided by 22?
5
What is the remainder when 34 is divided by 23?
11
What is the remainder when 569 is divided by 5?
4
What is the remainder when 2446 is divided by 405?
16
Calculate the remainder when 15 is divided by 10.
5
What is the remainder when 4502 is divided by 17?
14
What is the remainder when 397 is div